{"id":118,"date":"2021-08-19T19:26:25","date_gmt":"2021-08-19T17:26:25","guid":{"rendered":"https:\/\/enlevement-epave-49.net\/?page_id=118"},"modified":"2024-10-12T15:53:44","modified_gmt":"2024-10-12T13:53:44","slug":"rachat-de-vehicules","status":"publish","type":"page","link":"https:\/\/enlevement-epave-49.net\/?page_id=118","title":{"rendered":"Rachat et valorisation"},"content":{"rendered":"\t\t<div data-elementor-type=\"wp-post\" data-elementor-id=\"118\" class=\"elementor elementor-118\" data-elementor-post-type=\"page\">\n\t\t\t\t\t\t<section class=\"elementor-section elementor-top-section elementor-element elementor-element-189e650 elementor-section-boxed elementor-section-height-default elementor-section-height-default\" data-id=\"189e650\" data-element_type=\"section\">\n\t\t\t\t\t\t<div class=\"elementor-container elementor-column-gap-default\">\n\t\t\t\t\t<div class=\"elementor-column elementor-col-100 elementor-top-column elementor-element elementor-element-6a073ef\" data-id=\"6a073ef\" data-element_type=\"column\">\n\t\t\t<div class=\"elementor-widget-wrap elementor-element-populated\">\n\t\t\t\t\t\t<div class=\"elementor-element elementor-element-530f015 elementor-widget elementor-widget-text-editor\" data-id=\"530f015\" data-element_type=\"widget\" data-widget_type=\"text-editor.default\">\n\t\t\t\t<div class=\"elementor-widget-container\">\n\t\t\t\t\t\t\t\t\t<p>\u00a0<\/p><p><a href=\"https:\/\/enlevement-epave-49.net\/\">=&gt; <strong><span style=\"text-decoration: underline;\">RETOUR A L ACCUEIL DU SITE<\/span><\/strong> &lt;=<\/a><\/p>\t\t\t\t\t\t\t\t<\/div>\n\t\t\t\t<\/div>\n\t\t\t\t\t<\/div>\n\t\t<\/div>\n\t\t\t\t\t<\/div>\n\t\t<\/section>\n\t\t\t\t<section class=\"elementor-section elementor-top-section elementor-element elementor-element-67f2093 elementor-section-boxed elementor-section-height-default elementor-section-height-default\" data-id=\"67f2093\" data-element_type=\"section\">\n\t\t\t\t\t\t<div class=\"elementor-container elementor-column-gap-default\">\n\t\t\t\t\t<div class=\"elementor-column elementor-col-50 elementor-top-column elementor-element elementor-element-66e9110f\" data-id=\"66e9110f\" data-element_type=\"column\">\n\t\t\t<div class=\"elementor-widget-wrap elementor-element-populated\">\n\t\t\t\t\t\t<div class=\"elementor-element elementor-element-6c8181cd elementor-widget elementor-widget-heading\" data-id=\"6c8181cd\" data-element_type=\"widget\" data-widget_type=\"heading.default\">\n\t\t\t\t<div class=\"elementor-widget-container\">\n\t\t\t\t\t<h2 class=\"elementor-heading-title elementor-size-default\">Valorisation pour destruction<\/h2>\t\t\t\t<\/div>\n\t\t\t\t<\/div>\n\t\t\t\t\t<\/div>\n\t\t<\/div>\n\t\t\t\t<div class=\"elementor-column elementor-col-50 elementor-top-column elementor-element elementor-element-3bb52762\" data-id=\"3bb52762\" data-element_type=\"column\">\n\t\t\t<div class=\"elementor-widget-wrap elementor-element-populated\">\n\t\t\t\t\t\t<div class=\"elementor-element elementor-element-42665400 elementor-widget__width-initial elementor-widget elementor-widget-text-editor\" data-id=\"42665400\" data-element_type=\"widget\" data-widget_type=\"text-editor.default\">\n\t\t\t\t<div class=\"elementor-widget-container\">\n\t\t\t\t\t\t\t\t\t<p>Votre v\u00e9hicule peut \u00eatre potentiellement \u00e9ligible \u00e0 une valorisation pour destruction :<\/p>\n<p><\/p>\n<p>Les v\u00e9hicules \u00ab\u00a0r\u00e9cents\u00a0\u00bb avec choc lat\u00e9ral ou arri\u00e8re permettant de valoriser la partie moteur \/ bo\u00eete (en g\u00e9n\u00e9ral \u00e0 partir de 2010)<\/p>\n<p><\/p>\n<p><strong>NON ELIGIBLES<\/strong> : V\u00e9hicules gag\u00e9s, avec carte grise \u00e9trang\u00e8re, sans moteur<\/p>\n<p><\/p>\n<p>&#8211; Les v\u00e9hicules \u00e0 faible kilom\u00e9trage endommag\u00e9s<\/p>\n<p>Les v\u00e9hicules dits \u00e9conomiquement irr\u00e9parables.<\/p>\n<p>&#8211; Certains v\u00e9hicules accident\u00e9s ou immobilis\u00e9s.<\/p>\n<p>&#8211;&nbsp; Certains v\u00e9hicules atypiques (marque ou mod\u00e8le pris\u00e9, sportifs, ne pouvant \u00eatre r\u00e9habilit\u00e9s (Souvent la corrosion qui est en cause)<\/p>\n<p><\/p>\n<p>Contactez nous par email ou t\u00e9l\u00e9phone, r\u00e9ponse rapide assur\u00e9e.<\/p>\t\t\t\t\t\t\t\t<\/div>\n\t\t\t\t<\/div>\n\t\t\t\t\t<\/div>\n\t\t<\/div>\n\t\t\t\t\t<\/div>\n\t\t<\/section>\n\t\t\t\t<section class=\"elementor-section elementor-top-section elementor-element elementor-element-ca763a7 elementor-section-boxed elementor-section-height-default elementor-section-height-default\" data-id=\"ca763a7\" data-element_type=\"section\">\n\t\t\t\t\t\t<div class=\"elementor-container elementor-column-gap-narrow\">\n\t\t\t\t\t<div class=\"elementor-column elementor-col-50 elementor-top-column elementor-element elementor-element-8d590ff\" data-id=\"8d590ff\" data-element_type=\"column\">\n\t\t\t<div class=\"elementor-widget-wrap elementor-element-populated\">\n\t\t\t\t\t\t<div class=\"elementor-element elementor-element-6317057 elementor-widget elementor-widget-heading\" data-id=\"6317057\" data-element_type=\"widget\" data-widget_type=\"heading.default\">\n\t\t\t\t<div class=\"elementor-widget-container\">\n\t\t\t\t\t<h2 class=\"elementor-heading-title elementor-size-default\">Rachat de v\u00e9hicules<\/h2>\t\t\t\t<\/div>\n\t\t\t\t<\/div>\n\t\t\t\t\t<\/div>\n\t\t<\/div>\n\t\t\t\t<div class=\"elementor-column elementor-col-50 elementor-top-column elementor-element elementor-element-023f366\" data-id=\"023f366\" data-element_type=\"column\">\n\t\t\t<div class=\"elementor-widget-wrap elementor-element-populated\">\n\t\t\t\t\t\t<div class=\"elementor-element elementor-element-d233c96 elementor-widget elementor-widget-text-editor\" data-id=\"d233c96\" data-element_type=\"widget\" data-widget_type=\"text-editor.default\">\n\t\t\t\t<div class=\"elementor-widget-container\">\n\t\t\t\t\t\t\t\t\t<p>Depuis f\u00e9vrier 2024, l&rsquo;arr\u00eat des primes \u00e0 la conversion pour les v\u00e9hicules d&rsquo;occasion permet certaines reprises de v\u00e9hicules. Notre puissant r\u00e9seau permet de valoriser pleinement certains cas particuliers : longue immobilisation, d\u00e9g\u00e2ts de carrosserie ou travaux m\u00e9caniques approchant de la valeur du v\u00e9hicule.\u00a0 V\u00e9hicules accident\u00e9s sans \u00eatre touch\u00e9s structurellement&#8230;\u00a0\u00a0<\/p><p>Si votre v\u00e9hicule est en parfait \u00e9tat de fonctionnement, il vaut mieux vous tourner vers des professionnels du n\u00e9goce automobile.<\/p>\t\t\t\t\t\t\t\t<\/div>\n\t\t\t\t<\/div>\n\t\t\t\t\t<\/div>\n\t\t<\/div>\n\t\t\t\t\t<\/div>\n\t\t<\/section>\n\t\t\t\t<section class=\"elementor-section elementor-top-section elementor-element elementor-element-b8b59cd elementor-section-boxed elementor-section-height-default elementor-section-height-default\" data-id=\"b8b59cd\" data-element_type=\"section\">\n\t\t\t\t\t\t<div class=\"elementor-container elementor-column-gap-default\">\n\t\t\t\t\t<div class=\"elementor-column elementor-col-50 elementor-top-column elementor-element elementor-element-3c08055\" data-id=\"3c08055\" data-element_type=\"column\">\n\t\t\t<div class=\"elementor-widget-wrap elementor-element-populated\">\n\t\t\t\t\t\t<div class=\"elementor-element elementor-element-155c180 elementor-widget elementor-widget-heading\" data-id=\"155c180\" data-element_type=\"widget\" data-widget_type=\"heading.default\">\n\t\t\t\t<div class=\"elementor-widget-container\">\n\t\t\t\t\t<h2 class=\"elementor-heading-title elementor-size-default\">Nos r\u00e9centes valorisations<\/h2>\t\t\t\t<\/div>\n\t\t\t\t<\/div>\n\t\t\t\t\t<\/div>\n\t\t<\/div>\n\t\t\t\t<div class=\"elementor-column elementor-col-50 elementor-top-column elementor-element elementor-element-52f9aad\" data-id=\"52f9aad\" data-element_type=\"column\">\n\t\t\t<div class=\"elementor-widget-wrap elementor-element-populated\">\n\t\t\t\t\t\t<div class=\"elementor-element elementor-element-8011198 elementor-widget elementor-widget-text-editor\" data-id=\"8011198\" data-element_type=\"widget\" data-widget_type=\"text-editor.default\">\n\t\t\t\t<div class=\"elementor-widget-container\">\n\t\t\t\t\t\t\t\t\t<p><strong>Quelques exemples de valorisation et reprises<\/strong> :<\/p><p>&#8211; Clio 2 &#8211; 78000kms, \u00e0 l&rsquo;arr\u00eat depuis 2 ans<\/p><p>&#8211; Clio 3 &#8211; 178000kms, moteur HS<\/p><p>&#8211; Honda civic 2009 : immobilisation depuis 18 mois<\/p><p>&#8211; Volkswagen scirocco 2015 : choc arri\u00e8re<\/p><p>&#8211; Audi A4 2012 : Choc lat\u00e9ral, VEI<\/p><p>&#8211; Fiat ducato 2006 : 177000kms : Corrosion<\/p><p>&#8211; Citroen jumper 152000kms\u00a0 1999 : Corrosion<\/p><p>&#8211; Toyota Yaris automatique : Rayures sur l&rsquo;ensemble de la carrosserie<\/p><p>&#8211; BMW 330i 2005 : Boite vitesse HS<\/p><p>BMW X5 3.0D 2007 : d\u00e9faillance electronique<\/p><p>Citroen DS3 : v\u00e9hicule immerg\u00e9 partiellement<\/p><p>Peugeot boxer 2012 : trop de frais au contr\u00f4le technique.<\/p><p>VW golf 5\u00a0 192000 kms : enfoncement arri\u00e8re gauche<\/p><p>Renault Master benne : Moteur HS<\/p><p>Peugeot 5008 : Embrayage HS<\/p><p>Citroen c3 puretech : defaillance moteur<\/p><p>Citroen DS3 puretech : defaillance moteur<\/p><p>Peugeot 208 puretech: Defaillance moteur<\/p>\t\t\t\t\t\t\t\t<\/div>\n\t\t\t\t<\/div>\n\t\t\t\t\t<\/div>\n\t\t<\/div>\n\t\t\t\t\t<\/div>\n\t\t<\/section>\n\t\t\t\t<section class=\"elementor-section elementor-top-section elementor-element elementor-element-8da1a3f elementor-section-boxed elementor-section-height-default elementor-section-height-default\" data-id=\"8da1a3f\" data-element_type=\"section\">\n\t\t\t\t\t\t<div class=\"elementor-container elementor-column-gap-default\">\n\t\t\t\t\t<div class=\"elementor-column elementor-col-100 elementor-top-column elementor-element elementor-element-9cf3c18\" data-id=\"9cf3c18\" data-element_type=\"column\">\n\t\t\t<div class=\"elementor-widget-wrap elementor-element-populated\">\n\t\t\t\t\t\t<div class=\"elementor-element elementor-element-43bc8de elementor-widget elementor-widget-text-editor\" data-id=\"43bc8de\" data-element_type=\"widget\" data-widget_type=\"text-editor.default\">\n\t\t\t\t<div class=\"elementor-widget-container\">\n\t\t\t\t\t\t\t\t\t<p>Enl\u00e8vement gratuit de v\u00e9hicules pour la casse Sur Angers, Cholet, Saumur, Ancenis et les autres villes du d\u00e9partement. Faire enlever sa voiture pour la casse par un \u00e9paviste gratuitement dans le d\u00e9partement maine et loire (49) Rachat et reprise de vehicules HS, en panne, sans contr\u00f4le technique.<\/p><p><br><\/p>\n<p><a style=\"font-style: var( --e-global-typography-text-font-style ); font-weight: var( --e-global-typography-text-font-weight ); background-color: #ffffff; font-family: Graduate, sans-serif; font-size: 23px; text-align: center;\" href=\"https:\/\/enlevement-epave-49.net\/\">=&gt;&nbsp;<span style=\"font-weight: bold;\"><span style=\"text-decoration-line: underline;\">RETOUR A L ACCUEIL DU SITE<\/span><\/span>&nbsp;&lt;=<\/a>&nbsp;<\/p>\n<p><\/p>\t\t\t\t\t\t\t\t<\/div>\n\t\t\t\t<\/div>\n\t\t\t\t\t<\/div>\n\t\t<\/div>\n\t\t\t\t\t<\/div>\n\t\t<\/section>\n\t\t\t\t<section class=\"elementor-section elementor-top-section elementor-element elementor-element-78e10d0 elementor-section-boxed elementor-section-height-default elementor-section-height-default\" data-id=\"78e10d0\" data-element_type=\"section\">\n\t\t\t\t\t\t<div class=\"elementor-container elementor-column-gap-default\">\n\t\t\t\t\t<div class=\"elementor-column elementor-col-100 elementor-top-column elementor-element elementor-element-a72fd67\" data-id=\"a72fd67\" data-element_type=\"column\">\n\t\t\t<div class=\"elementor-widget-wrap elementor-element-populated\">\n\t\t\t\t\t\t<div class=\"elementor-element elementor-element-0a478c9 elementor-hidden-tablet elementor-hidden-mobile elementor-widget elementor-widget-gallery\" data-id=\"0a478c9\" data-element_type=\"widget\" data-settings=\"{&quot;lazyload&quot;:&quot;yes&quot;,&quot;gallery_layout&quot;:&quot;grid&quot;,&quot;columns&quot;:4,&quot;columns_tablet&quot;:2,&quot;columns_mobile&quot;:1,&quot;gap&quot;:{&quot;unit&quot;:&quot;px&quot;,&quot;size&quot;:10,&quot;sizes&quot;:[]},&quot;gap_tablet&quot;:{&quot;unit&quot;:&quot;px&quot;,&quot;size&quot;:10,&quot;sizes&quot;:[]},&quot;gap_mobile&quot;:{&quot;unit&quot;:&quot;px&quot;,&quot;size&quot;:10,&quot;sizes&quot;:[]},&quot;link_to&quot;:&quot;file&quot;,&quot;aspect_ratio&quot;:&quot;3:2&quot;,&quot;overlay_background&quot;:&quot;yes&quot;,&quot;content_hover_animation&quot;:&quot;fade-in&quot;}\" data-widget_type=\"gallery.default\">\n\t\t\t\t<div class=\"elementor-widget-container\">\n\t\t\t\t\t\t\t<div class=\"elementor-gallery__container\">\n\t\t\t\t\t\t\t<a class=\"e-gallery-item elementor-gallery-item elementor-animated-content\" href=\"https:\/\/enlevement-epave-49.net\/wp-content\/uploads\/2021\/08\/banniere-enlevement-voiture-1.png\" data-elementor-open-lightbox=\"yes\" data-elementor-lightbox-slideshow=\"0a478c9\" data-e-action-hash=\"#elementor-action%3Aaction%3Dlightbox%26settings%3DeyJpZCI6MTM1LCJ1cmwiOiJodHRwczpcL1wvZW5sZXZlbWVudC1lcGF2ZS00OS5uZXRcL3dwLWNvbnRlbnRcL3VwbG9hZHNcLzIwMjFcLzA4XC9iYW5uaWVyZS1lbmxldmVtZW50LXZvaXR1cmUtMS5wbmciLCJzbGlkZXNob3ciOiIwYTQ3OGM5In0%3D\">\n\t\t\t\t\t<div class=\"e-gallery-image elementor-gallery-item__image\" data-thumbnail=\"https:\/\/enlevement-epave-49.net\/wp-content\/uploads\/2021\/08\/banniere-enlevement-voiture-1-300x116.png\" data-width=\"300\" data-height=\"116\" aria-label=\"\" role=\"img\" ><\/div>\n\t\t\t\t\t\t\t\t\t\t\t<div class=\"elementor-gallery-item__overlay\"><\/div>\n\t\t\t\t\t\t\t\t\t\t\t\t\t\t<\/a>\n\t\t\t\t\t\t\t<a class=\"e-gallery-item elementor-gallery-item elementor-animated-content\" href=\"https:\/\/enlevement-epave-49.net\/wp-content\/uploads\/2021\/08\/vignette-intervention.png\" data-elementor-open-lightbox=\"yes\" data-elementor-lightbox-slideshow=\"0a478c9\" data-elementor-lightbox-description=\"destruction voiture angers 49\" data-e-action-hash=\"#elementor-action%3Aaction%3Dlightbox%26settings%3DeyJpZCI6MjAzLCJ1cmwiOiJodHRwczpcL1wvZW5sZXZlbWVudC1lcGF2ZS00OS5uZXRcL3dwLWNvbnRlbnRcL3VwbG9hZHNcLzIwMjFcLzA4XC92aWduZXR0ZS1pbnRlcnZlbnRpb24ucG5nIiwic2xpZGVzaG93IjoiMGE0NzhjOSJ9\">\n\t\t\t\t\t<div class=\"e-gallery-image elementor-gallery-item__image\" data-thumbnail=\"https:\/\/enlevement-epave-49.net\/wp-content\/uploads\/2021\/08\/vignette-intervention-300x258.png\" data-width=\"300\" data-height=\"258\" aria-label=\"Destruction vehicule gratuit\" role=\"img\" ><\/div>\n\t\t\t\t\t\t\t\t\t\t\t<div class=\"elementor-gallery-item__overlay\"><\/div>\n\t\t\t\t\t\t\t\t\t\t\t\t\t\t<\/a>\n\t\t\t\t\t\t\t<a class=\"e-gallery-item elementor-gallery-item elementor-animated-content\" href=\"https:\/\/enlevement-epave-49.net\/wp-content\/uploads\/2021\/08\/vignette-intervention4.png\" data-elementor-open-lightbox=\"yes\" data-elementor-lightbox-slideshow=\"0a478c9\" data-elementor-lightbox-description=\"destruction epave dans le maine et loire\" data-e-action-hash=\"#elementor-action%3Aaction%3Dlightbox%26settings%3DeyJpZCI6MjA3LCJ1cmwiOiJodHRwczpcL1wvZW5sZXZlbWVudC1lcGF2ZS00OS5uZXRcL3dwLWNvbnRlbnRcL3VwbG9hZHNcLzIwMjFcLzA4XC92aWduZXR0ZS1pbnRlcnZlbnRpb240LnBuZyIsInNsaWRlc2hvdyI6IjBhNDc4YzkifQ%3D%3D\">\n\t\t\t\t\t<div class=\"e-gallery-image elementor-gallery-item__image\" data-thumbnail=\"https:\/\/enlevement-epave-49.net\/wp-content\/uploads\/2021\/08\/vignette-intervention4-300x254.png\" data-width=\"300\" data-height=\"254\" aria-label=\"destruction vehicule gratuit\" role=\"img\" ><\/div>\n\t\t\t\t\t\t\t\t\t\t\t<div class=\"elementor-gallery-item__overlay\"><\/div>\n\t\t\t\t\t\t\t\t\t\t\t\t\t\t<\/a>\n\t\t\t\t\t\t\t<a class=\"e-gallery-item elementor-gallery-item elementor-animated-content\" href=\"https:\/\/enlevement-epave-49.net\/wp-content\/uploads\/2022\/03\/remorquage-utilitaire-angers-1.jpg\" data-elementor-open-lightbox=\"yes\" data-elementor-lightbox-slideshow=\"0a478c9\" data-e-action-hash=\"#elementor-action%3Aaction%3Dlightbox%26settings%3DeyJpZCI6NTcyLCJ1cmwiOiJodHRwczpcL1wvZW5sZXZlbWVudC1lcGF2ZS00OS5uZXRcL3dwLWNvbnRlbnRcL3VwbG9hZHNcLzIwMjJcLzAzXC9yZW1vcnF1YWdlLXV0aWxpdGFpcmUtYW5nZXJzLTEuanBnIiwic2xpZGVzaG93IjoiMGE0NzhjOSJ9\">\n\t\t\t\t\t<div class=\"e-gallery-image elementor-gallery-item__image\" data-thumbnail=\"https:\/\/enlevement-epave-49.net\/wp-content\/uploads\/2022\/03\/remorquage-utilitaire-angers-1-300x152.jpg\" data-width=\"300\" data-height=\"152\" aria-label=\"\" role=\"img\" ><\/div>\n\t\t\t\t\t\t\t\t\t\t\t<div class=\"elementor-gallery-item__overlay\"><\/div>\n\t\t\t\t\t\t\t\t\t\t\t\t\t\t<\/a>\n\t\t\t\t\t\t\t<a class=\"e-gallery-item elementor-gallery-item elementor-animated-content\" href=\"https:\/\/enlevement-epave-49.net\/wp-content\/uploads\/2024\/01\/enlevement-epave-1.jpg\" data-elementor-open-lightbox=\"yes\" data-elementor-lightbox-slideshow=\"0a478c9\" data-e-action-hash=\"#elementor-action%3Aaction%3Dlightbox%26settings%3DeyJpZCI6OTg2LCJ1cmwiOiJodHRwczpcL1wvZW5sZXZlbWVudC1lcGF2ZS00OS5uZXRcL3dwLWNvbnRlbnRcL3VwbG9hZHNcLzIwMjRcLzAxXC9lbmxldmVtZW50LWVwYXZlLTEuanBnIiwic2xpZGVzaG93IjoiMGE0NzhjOSJ9\">\n\t\t\t\t\t<div class=\"e-gallery-image elementor-gallery-item__image\" data-thumbnail=\"https:\/\/enlevement-epave-49.net\/wp-content\/uploads\/2024\/01\/enlevement-epave-1-300x166.jpg\" data-width=\"300\" data-height=\"166\" aria-label=\"\" role=\"img\" ><\/div>\n\t\t\t\t\t\t\t\t\t\t\t<div class=\"elementor-gallery-item__overlay\"><\/div>\n\t\t\t\t\t\t\t\t\t\t\t\t\t\t<\/a>\n\t\t\t\t\t\t\t<a class=\"e-gallery-item elementor-gallery-item elementor-animated-content\" href=\"https:\/\/enlevement-epave-49.net\/wp-content\/uploads\/2024\/01\/enlevement-epave-2.jpg\" data-elementor-open-lightbox=\"yes\" data-elementor-lightbox-slideshow=\"0a478c9\" data-e-action-hash=\"#elementor-action%3Aaction%3Dlightbox%26settings%3DeyJpZCI6OTg3LCJ1cmwiOiJodHRwczpcL1wvZW5sZXZlbWVudC1lcGF2ZS00OS5uZXRcL3dwLWNvbnRlbnRcL3VwbG9hZHNcLzIwMjRcLzAxXC9lbmxldmVtZW50LWVwYXZlLTIuanBnIiwic2xpZGVzaG93IjoiMGE0NzhjOSJ9\">\n\t\t\t\t\t<div class=\"e-gallery-image elementor-gallery-item__image\" data-thumbnail=\"https:\/\/enlevement-epave-49.net\/wp-content\/uploads\/2024\/01\/enlevement-epave-2-300x143.jpg\" data-width=\"300\" data-height=\"143\" aria-label=\"\" role=\"img\" ><\/div>\n\t\t\t\t\t\t\t\t\t\t\t<div class=\"elementor-gallery-item__overlay\"><\/div>\n\t\t\t\t\t\t\t\t\t\t\t\t\t\t<\/a>\n\t\t\t\t\t\t\t<a class=\"e-gallery-item elementor-gallery-item elementor-animated-content\" href=\"https:\/\/enlevement-epave-49.net\/wp-content\/uploads\/2024\/01\/enlevement-epave-3.jpg\" data-elementor-open-lightbox=\"yes\" data-elementor-lightbox-slideshow=\"0a478c9\" data-e-action-hash=\"#elementor-action%3Aaction%3Dlightbox%26settings%3DeyJpZCI6OTg4LCJ1cmwiOiJodHRwczpcL1wvZW5sZXZlbWVudC1lcGF2ZS00OS5uZXRcL3dwLWNvbnRlbnRcL3VwbG9hZHNcLzIwMjRcLzAxXC9lbmxldmVtZW50LWVwYXZlLTMuanBnIiwic2xpZGVzaG93IjoiMGE0NzhjOSJ9\">\n\t\t\t\t\t<div class=\"e-gallery-image elementor-gallery-item__image\" data-thumbnail=\"https:\/\/enlevement-epave-49.net\/wp-content\/uploads\/2024\/01\/enlevement-epave-3-300x196.jpg\" data-width=\"300\" data-height=\"196\" aria-label=\"\" role=\"img\" ><\/div>\n\t\t\t\t\t\t\t\t\t\t\t<div class=\"elementor-gallery-item__overlay\"><\/div>\n\t\t\t\t\t\t\t\t\t\t\t\t\t\t<\/a>\n\t\t\t\t\t\t\t<a class=\"e-gallery-item elementor-gallery-item elementor-animated-content\" href=\"https:\/\/enlevement-epave-49.net\/wp-content\/uploads\/2024\/01\/enlevement-epave-4.jpg\" data-elementor-open-lightbox=\"yes\" data-elementor-lightbox-slideshow=\"0a478c9\" data-e-action-hash=\"#elementor-action%3Aaction%3Dlightbox%26settings%3DeyJpZCI6OTg5LCJ1cmwiOiJodHRwczpcL1wvZW5sZXZlbWVudC1lcGF2ZS00OS5uZXRcL3dwLWNvbnRlbnRcL3VwbG9hZHNcLzIwMjRcLzAxXC9lbmxldmVtZW50LWVwYXZlLTQuanBnIiwic2xpZGVzaG93IjoiMGE0NzhjOSJ9\">\n\t\t\t\t\t<div class=\"e-gallery-image elementor-gallery-item__image\" data-thumbnail=\"https:\/\/enlevement-epave-49.net\/wp-content\/uploads\/2024\/01\/enlevement-epave-4-300x146.jpg\" data-width=\"300\" data-height=\"146\" aria-label=\"\" role=\"img\" ><\/div>\n\t\t\t\t\t\t\t\t\t\t\t<div class=\"elementor-gallery-item__overlay\"><\/div>\n\t\t\t\t\t\t\t\t\t\t\t\t\t\t<\/a>\n\t\t\t\t\t\t\t<a class=\"e-gallery-item elementor-gallery-item elementor-animated-content\" href=\"https:\/\/enlevement-epave-49.net\/wp-content\/uploads\/2024\/01\/enlevement-epave-5.jpg\" data-elementor-open-lightbox=\"yes\" data-elementor-lightbox-slideshow=\"0a478c9\" data-e-action-hash=\"#elementor-action%3Aaction%3Dlightbox%26settings%3DeyJpZCI6OTkwLCJ1cmwiOiJodHRwczpcL1wvZW5sZXZlbWVudC1lcGF2ZS00OS5uZXRcL3dwLWNvbnRlbnRcL3VwbG9hZHNcLzIwMjRcLzAxXC9lbmxldmVtZW50LWVwYXZlLTUuanBnIiwic2xpZGVzaG93IjoiMGE0NzhjOSJ9\">\n\t\t\t\t\t<div class=\"e-gallery-image elementor-gallery-item__image\" data-thumbnail=\"https:\/\/enlevement-epave-49.net\/wp-content\/uploads\/2024\/01\/enlevement-epave-5-300x142.jpg\" data-width=\"300\" data-height=\"142\" aria-label=\"\" role=\"img\" ><\/div>\n\t\t\t\t\t\t\t\t\t\t\t<div class=\"elementor-gallery-item__overlay\"><\/div>\n\t\t\t\t\t\t\t\t\t\t\t\t\t\t<\/a>\n\t\t\t\t\t\t\t<a class=\"e-gallery-item elementor-gallery-item elementor-animated-content\" href=\"https:\/\/enlevement-epave-49.net\/wp-content\/uploads\/2024\/01\/enlevement-epave-6.jpg\" data-elementor-open-lightbox=\"yes\" data-elementor-lightbox-slideshow=\"0a478c9\" data-e-action-hash=\"#elementor-action%3Aaction%3Dlightbox%26settings%3DeyJpZCI6OTkxLCJ1cmwiOiJodHRwczpcL1wvZW5sZXZlbWVudC1lcGF2ZS00OS5uZXRcL3dwLWNvbnRlbnRcL3VwbG9hZHNcLzIwMjRcLzAxXC9lbmxldmVtZW50LWVwYXZlLTYuanBnIiwic2xpZGVzaG93IjoiMGE0NzhjOSJ9\">\n\t\t\t\t\t<div class=\"e-gallery-image elementor-gallery-item__image\" data-thumbnail=\"https:\/\/enlevement-epave-49.net\/wp-content\/uploads\/2024\/01\/enlevement-epave-6-300x140.jpg\" data-width=\"300\" data-height=\"140\" aria-label=\"\" role=\"img\" ><\/div>\n\t\t\t\t\t\t\t\t\t\t\t<div class=\"elementor-gallery-item__overlay\"><\/div>\n\t\t\t\t\t\t\t\t\t\t\t\t\t\t<\/a>\n\t\t\t\t\t\t\t<a class=\"e-gallery-item elementor-gallery-item elementor-animated-content\" href=\"https:\/\/enlevement-epave-49.net\/wp-content\/uploads\/2024\/01\/enlevement-epave-7.jpg\" data-elementor-open-lightbox=\"yes\" data-elementor-lightbox-slideshow=\"0a478c9\" data-e-action-hash=\"#elementor-action%3Aaction%3Dlightbox%26settings%3DeyJpZCI6OTkzLCJ1cmwiOiJodHRwczpcL1wvZW5sZXZlbWVudC1lcGF2ZS00OS5uZXRcL3dwLWNvbnRlbnRcL3VwbG9hZHNcLzIwMjRcLzAxXC9lbmxldmVtZW50LWVwYXZlLTcuanBnIiwic2xpZGVzaG93IjoiMGE0NzhjOSJ9\">\n\t\t\t\t\t<div class=\"e-gallery-image elementor-gallery-item__image\" data-thumbnail=\"https:\/\/enlevement-epave-49.net\/wp-content\/uploads\/2024\/01\/enlevement-epave-7-300x201.jpg\" data-width=\"300\" data-height=\"201\" aria-label=\"\" role=\"img\" ><\/div>\n\t\t\t\t\t\t\t\t\t\t\t<div class=\"elementor-gallery-item__overlay\"><\/div>\n\t\t\t\t\t\t\t\t\t\t\t\t\t\t<\/a>\n\t\t\t\t\t\t\t<a class=\"e-gallery-item elementor-gallery-item elementor-animated-content\" href=\"https:\/\/enlevement-epave-49.net\/wp-content\/uploads\/2024\/01\/enlevement-epave-8.jpg\" data-elementor-open-lightbox=\"yes\" data-elementor-lightbox-slideshow=\"0a478c9\" data-e-action-hash=\"#elementor-action%3Aaction%3Dlightbox%26settings%3DeyJpZCI6OTk0LCJ1cmwiOiJodHRwczpcL1wvZW5sZXZlbWVudC1lcGF2ZS00OS5uZXRcL3dwLWNvbnRlbnRcL3VwbG9hZHNcLzIwMjRcLzAxXC9lbmxldmVtZW50LWVwYXZlLTguanBnIiwic2xpZGVzaG93IjoiMGE0NzhjOSJ9\">\n\t\t\t\t\t<div class=\"e-gallery-image elementor-gallery-item__image\" data-thumbnail=\"https:\/\/enlevement-epave-49.net\/wp-content\/uploads\/2024\/01\/enlevement-epave-8-300x145.jpg\" data-width=\"300\" data-height=\"145\" aria-label=\"\" role=\"img\" ><\/div>\n\t\t\t\t\t\t\t\t\t\t\t<div class=\"elementor-gallery-item__overlay\"><\/div>\n\t\t\t\t\t\t\t\t\t\t\t\t\t\t<\/a>\n\t\t\t\t\t<\/div>\n\t\t\t\t\t<\/div>\n\t\t\t\t<\/div>\n\t\t\t\t\t<\/div>\n\t\t<\/div>\n\t\t\t\t\t<\/div>\n\t\t<\/section>\n\t\t\t\t<\/div>\n\t\t","protected":false},"excerpt":{"rendered":"<p>\u00a0 =&gt; RETOUR A L ACCUEIL DU SITE &lt;= Valorisation pour destruction Votre v\u00e9hicule peut \u00eatre potentiellement \u00e9ligible \u00e0 une valorisation pour destruction : Les v\u00e9hicules \u00ab\u00a0r\u00e9cents\u00a0\u00bb avec choc lat\u00e9ral ou arri\u00e8re permettant de valoriser la partie moteur \/ bo\u00eete (en g\u00e9n\u00e9ral \u00e0 partir de 2010) NON ELIGIBLES : V\u00e9hicules gag\u00e9s, avec carte grise \u00e9trang\u00e8re,&hellip; <a class=\"more-link\" href=\"https:\/\/enlevement-epave-49.net\/?page_id=118\">Poursuivre la lecture <span class=\"screen-reader-text\">Rachat et valorisation<\/span><\/a><\/p>\n","protected":false},"author":1,"featured_media":0,"parent":0,"menu_order":0,"comment_status":"closed","ping_status":"closed","template":"elementor_header_footer","meta":{"footnotes":""},"class_list":["post-118","page","type-page","status-publish","hentry","entry"],"_links":{"self":[{"href":"https:\/\/enlevement-epave-49.net\/index.php?rest_route=\/wp\/v2\/pages\/118","targetHints":{"allow":["GET"]}}],"collection":[{"href":"https:\/\/enlevement-epave-49.net\/index.php?rest_route=\/wp\/v2\/pages"}],"about":[{"href":"https:\/\/enlevement-epave-49.net\/index.php?rest_route=\/wp\/v2\/types\/page"}],"author":[{"embeddable":true,"href":"https:\/\/enlevement-epave-49.net\/index.php?rest_route=\/wp\/v2\/users\/1"}],"replies":[{"embeddable":true,"href":"https:\/\/enlevement-epave-49.net\/index.php?rest_route=%2Fwp%2Fv2%2Fcomments&post=118"}],"version-history":[{"count":0,"href":"https:\/\/enlevement-epave-49.net\/index.php?rest_route=\/wp\/v2\/pages\/118\/revisions"}],"wp:attachment":[{"href":"https:\/\/enlevement-epave-49.net\/index.php?rest_route=%2Fwp%2Fv2%2Fmedia&parent=118"}],"curies":[{"name":"wp","href":"https:\/\/api.w.org\/{rel}","templated":true}]}}